4. Determine s(h).
5
Let r(p) = 3*p - 3. Let d be r(2). Let c(t) = 3*t**3 + t**2 + 0 - 1 + 6*t**d. What is c(-1)?
-9
Let o be ((-1)/(-2))/(3/36). Let l be 8/(-12) - (-20)/3. Let f(n) = 2*n + l*n**3 - 5*n**3 + 5 - o*n**2 + 4*n. Determine f(5).
10
Let n(t) be the third derivative of -t**4/12 + 2*t**3/3 + t**2. Let i = 9 - 4. Calculate n(i).
-6
Let g(n) be the second derivative of -n**3/2 + 5*n**2/2 + 14*n. Give g(5).
-10
Let w(m) be the second derivative of -m**5/20 - m**4/2 - 5*m**3/6 + m**2/2 + 46*m. Calculate w(-5).
1
Let w(t) = -t**2 - 3*t - 4. Let q(y) = y. Let s(i) = i**2 + 2*i + 3. Let g(x) = -6*q(x) - s(x). Let p be g(-7). Suppose 0 = j + p - 1. Give w(j).
-4
Suppose -5*p = -2 - 13. Let t(u) = -u - p + 3 + 1. Suppose 2 = 2*k - 4. Determine t(k).
-2
Let a(j) = j**3 + 8*j**2 - 6*j + 8. Let t(v) = -v**3 - 7*v**2 + 6*v - 7. Let s(z) = -3*a(z) - 4*t(z). Determine s(-5).
9
Let w(j) = -6*j**2 - 1. Let f(r) = -3*r - 14. Let o be f(-5). Calculate w(o).
-7
Let i be (1 - 2)*(8 - 4). Let o(l) = -l**2 - l + 3. Calculate o(i).
-9
Let v(o) = o + 6. Let p(c) be the third derivative of -c**3/6 - 2*c**2. Let x = 2 - 1. Let i(s) = x*v(s) + 5*p(s). Determine i(-5).
-4
Let p(c) = -2*c**3 - 1. Let u be p(-2). Suppose -3*o + u = -0*o. Suppose -3*a - o*z = -10, 0*a + 4*z + 19 = 3*a. Let m(x) = x**2 - 5*x + 6. Determine m(a).
6
Let h(g) = -g**3 + g**2 + g. Let o be 4/(-3)*(-45)/(-10). Let d = o - -5. Calculate h(d).
1
Let k(x) = -1. Let y(s) = 2*s - 10. Let c(d) = d - 1. Let i(b) = 3*c(b) - y(b). Let a(f) = i(f) + 6*k(f). What is a(1)?
2
Let n = 51 + -54. Let d(h) = h**2 + h + 4. Calculate d(n).
10
Let l(i) = 14*i + 22. Let o(m) = 5*m + 7. Let v(j) = -5*l(j) + 16*o(j). Give v(-2).
-18
Suppose -2 - 7 = 9*o. Let m(i) = 8*i**2. What is m(o)?
8
Let d = 53 - 48. Let m(g) = -g**2 + 3*g + 2. Give m(d).
-8
Let o = 9 - 4. Suppose m + o = -c, 3*m - c + 1 = m. Let y(z) = -2*z**2 - 2*z - 3. Give y(m).
-7
Let n(a) be the third derivative of a**5/60 + a**4/4 + a**3 + 11*a**2. What is n(-4)?
-2
Let c(y) be the first derivative of -2*y**2 - 4 + 3*y + 1/3*y**3. Suppose 0*h = 3*h - 5*a + 4, 5*a = 5*h. What is c(h)?
-1
Let z(c) = -c**3 - c - 1. Let s be z(-1). Let o be 12/(2 + s/(-2)). Let q be (o + -3)*(-1)/(-1). Let u(m) = m**2 - 4*m. What is u(q)?
5
Suppose 0 = -a + 10 - 22. Let g = a + 8. Let y(i) = -4*i - 6. Give y(g).
10
Let a be 8*(14/(-8))/(-7). Let z(o) = -a*o**2 - 5*o + 6*o**2 + 2 + 2*o - 3*o**2. Determine z(3).
2
Let z(u) be the first derivative of u**3/3 + 9*u**2/2 + 5*u - 8. Calculate z(-6).
-13
Let b(y) = y + 7. Let n = -68 - -68. Give b(n).
7
Let f(l) be the third derivative of -l**5/30 - l**4/8 + l**3/6 + 3*l**2. Let d(x) = x - 4. Let b be d(-3). Let k = 4 + b. Determine f(k).
-8
Let a(x) be the third derivative of -x**4/24 - x**3 - 3*x**2. Determine a(6).
-12
Let r(m) = 3 + 4 - 9*m - 4. Calculate r(2).
-15
Let r(u) be the third derivative of u**4/12 - 5*u**3/6 + 2*u**2. Determine r(-5).
-15
Let r(x) = x**3 + 4*x**2 + x - 4. Let t(i) = i**2 - 11*i + 7. Let j be (1 + 1)/((-3)/(-15)). Let k be t(j). Determine r(k).
2
Let a(f) = 2*f**2 - 3*f + 2. Let n be 70/8 + 8/32. Suppose -5*g - 60 = -n*g. Suppose 5*k + 5*u = g, -3*k = 5*u - 9 - 2. Determine a(k).
4
Let z be 12/(-78) + (-21)/(-52). Let t(i) be the first derivative of -z*i**4 + 2*i + 0*i**3 + 2 + 1/2*i**2. What is t(2)?
-4
Let x(y) be the second derivative of -y**4/12 + 4*y**3/3 - 4*y**2 + 16*y. Calculate x(8).
-8
Let k(o) = o - 5. Let c be 4/2*(-2)/4. Let t be (-30)/(-4)*(-12)/18. Let q = c - t. Calculate k(q).
-1
Let y(k) = -4*k**3 - k**2 - k. Let o(t) = 2*t + 11. Let x(h) = -2*h - 11. Let c(l) = -6*o(l) - 5*x(l). Let s be c(-5). Determine y(s).
4
Let x(m) be the first derivative of m**2/2 + 4*m - 1. Give x(-7).
-3
Let o = 0 + 1. Let g = -7 + o. Let u(f) = 2*f + 7. What is u(g)?
-5
Let d(x) = 6*x**2 + 265 - 264 - x**2 + x. Give d(-1).
5
Let f be (-1 + 2)/(1 - (-9)/(-6)). Let i(v) = -v**2 - 2*v - 1. Give i(f).
-1
Let k(n) = 2*n + 3. Let u(j) be the second derivative of j**3/3 + 3*j**2/2 + 3*j. Let a(q) = -6*k(q) + 5*u(q). Give a(-5).
7
Let j(v) be the third derivative of -13*v**4/24 + v**3/6 + 41*v**2. Let z(q) = q**2 - 6*q + 1. Let s be z(6). Determine j(s).
-12
Let s(z) = 6*z. Suppose -2*g - 7 = -1. Calculate s(g).
-18
Let w(t) = -t**3 + 4*t**2 + 3*t + 6. Let x(v) = -v**3 - v**2 + 2*v + 5. Let u be x(0). Calculate w(u).
-4
Let d be (-1 - -3 - 0) + -2. Suppose -4*s + 16 - 44 = d. Let y(t) = -t**2 - 8*t - 10. What is y(s)?
-3
Let w(t) be the third derivative of t**4/24 - t**3/6 - 56*t**2. Suppose -4*n - 5 = -17. Suppose -2*r - 24 = n*m + r, -16 = 3*m + r. What is w(m)?
-5
Let h(b) = 7*b. Let l(f) = -2*f + 0*f + 3*f. Let o(s) = -h(s) + 6*l(s). Let r = -2 + -3. What is o(r)?
5
Let p(i) be the third derivative of i**6/120 + i**5/30 - i**4/8 + 5*i**3/6 + 39*i**2. Determine p(-4).
-15
Let t(w) = -2*w. Let f(k) = k + 2. Let d be f(0). Suppose -8 = d*l - 0. Determine t(l).
8
Suppose 3*g = -2 + 14. Suppose 7 = g*m + 5*p, 2*p + 16 = 5*m + p. Let z(a) = a**2 - 5*a + 1. What is z(m)?
-5
Let j(o) = -o**2 + 5*o - 6. Let l be 12/9*(-9)/(-3). Calculate j(l).
-2
Let h = 49 - 46. Let t(r) = -5*r + 3 - 4*r + 6*r. Give t(h).
-6
Suppose 0*r = r - 4. Let k(u) = u**3 - 3*u**2 - 2*u + 1. Give k(r).
9
Let d(r) be the third derivative of r**4/24 + r**3/3 + r**2. Suppose 0 = 3*k - 8*k + 5. Suppose -2*i = -2*y + 3*y - k, 4*y - 7 = -5*i. Give d(y).
5
Suppose -3*z = 7 + 8. Let f = -1 - z. Let h(m) = f*m - 1 - 3 + m**2 - 3. Determine h(-6).
5
Let o = 1 + -2. Let v(t) be the first derivative of t**4/6 - t**3/6 - t + 4. Let h(w) be the first derivative of v(w). Calculate h(o).
3
Let w(n) = n**3 + 3*n**2 - 4*n + 3. Let z be (2/5)/(2/(-20)). Calculate w(z).
3
Let v(w) = w. Let c(a) = 2*a. Let z(j) = -2*c(j) + 3*v(j). Let s be 20/12 + 6/(-9). Determine z(s).
-1
Let l(f) = -2*f**3 - f**2 + 4*f + 3. Let k = 2 + -5. Let s be (k/3)/(3/6). Calculate l(s).
7
Let b(k) = 0*k**2 + 13*k + 2*k**2 - 3*k - 2 - 5. Let x be b(-6). Let r(n) = -n**3 - 3 + 6*n**2 + 0*n**3 - n**2. Calculate r(x).
-3
Let i(g) = 7*g + 2. Let d(y) = y - 1. Let m(p) = -6*d(p) + i(p). Calculate m(-6).
2
Let w(x) be the second derivative of x**5/20 - x**4/4 - x**3/6 + x**2 - 3*x. Suppose 2 = -4*v + 14. Give w(v).
-1
Let o(z) = 6*z**2 + z + 3. Let v(x) = -9*x**2 - 5. Let b(d) = -10*d**2 - 6. Let s(f) = 2*b(f) - 3*v(f). Let t(u) = -6*o(u) + 5*s(u). Determine t(-4).
5
Suppose 0 = -2*u - 48 + 16. Let d be ((-1)/2)/((-2)/u). Let r(n) be the first derivative of n**2/2 + 2*n + 11. Calculate r(d).
-2
Let n(f) = -3*f - 3. Let t(l) = -l**2 + 9*l - 17. Let q be t(7). Determine n(q).
6
Suppose 28 - 4 = 4*v. Let n(x) = -x**3 + 6*x**2 + x - 8. Give n(v).
-2
Let f(x) = -3*x - 1. Let o = 4 - 1. Suppose -2*b - 3*m = -4*b + 4, 5*b - 4*m = o. Calculate f(b).
2
Suppose -4*q = -4*m + 32, -m - 3*q + 19 = -5. Suppose 4*x + 0*x = m. Suppose -x*k = k. Let a(v) = v**2 - v + 1. Calculate a(k).
1
Suppose -3*j - 10 = -5*m, 5*m = -3*j + 5 + 5. Let d(v) = -2*v**2 - 4*v - v**2 - v**3 - m - v**2. Calculate d(-3).
1
Let r(n) = n**3 + 5*n**2 - n - 3. Let t be r(-5). Let l(f) = 2*f + 12. Let j be l(-5). Let b(m) = 0*m**2 + 0*m**j + 3 + 5*m**t + 4*m - 3*m**2. Determine b(-2).
3
Let i(q) = -q**2 - 3*q + 5. Let l = 106 - 111. Calculate i(l).
-5
Let c(p) be the second derivative of p - p**2 - 2/3*p**3 + 1/6*p**4 + 0 + 1/20*p**5. Let o(d) = -d**2 + d - 1. Let z be o(2). What is c(z)?
1
Let k = -4 + 14. Suppose -k*z - 25 = -15*z. Let s(p) = p**2 - 8*p + 6. Calculate s(z).
-9
Let d(p) = 3*p**2 + 12*p - 5. Let o be d(-4). Let c(g) = -g**2 + 5*g + 2. Let y(h) = h**2 + 3 - 6*h - 5 + 0. Let u(b) = o*y(b) - 6*c(b). Determine u(-2).
2
Let i = 54 + -58. Let x(h) = 2*h**2 + 6*h + 2. Calculate x(i).
10
Suppose 4*o - 2*o - 4*y + 10 = 0, -10 = -o - 3*y. Let f(x) = 5*x**3 - x**2 + x. Calculate f(o).
5
Let w = -62 + 68. Let r = 4 + -2. Let v(f) = -f**r - 4*f**2 + 4*f**2 + 5*f. Give v(w).
-6
Let u(o) = -o**2 - 9*o + 5. Let j(b) = 3*b - 2. Let f(q) = 8*j(q) + 3*u(q). Give f(-2).
-7
Let p(r) = -r**2 - 2. Suppose 12 = z + 3*z + 4*f, 4*z - 4*f = 12. Let n be (1 + (-3)/z)/2. Determine p(n).
-2
Suppose 4*f - f = 12. Let g(s) = 3*s - 7. Let r be g(f). Let w(n) = n + 2. What is w(r)?
7
Let j(n) = n**2 - 4*n - 3. Let o(k) = 2. Let h(l) = -j(l) + 2*o